{"id":24,"date":"2017-02-03T18:14:22","date_gmt":"2017-02-03T17:14:22","guid":{"rendered":"https:\/\/filmriss-oldenburg.de\/?page_id=24"},"modified":"2026-04-13T18:27:54","modified_gmt":"2026-04-13T17:27:54","slug":"verein","status":"publish","type":"page","link":"https:\/\/filmriss-oldenburg.de\/?page_id=24","title":{"rendered":"Verein"},"content":{"rendered":"<h3>Der Verein Filmriss e.V. hat seine Arbeit 1988 als Kinoinitiative begonnen und sich 2003 als eingetragener Verein konstituiert. Die Satzung formuliert folgendes Ziel: \u201eDer Verein hat die Aufgabe, den gesellschafts- und kulturpolitisch bedeutsamen Film zu f\u00f6rdern. Er veranstaltet zu diesem Zweck Vortr\u00e4ge, Ausstellungen, Diskussionen, Seminare und Filmvorf\u00fchrungen\u201c. Augenblicklich beteiligen sich sechs ehrenamtlich Aktive an der Programmgestaltung und -durchf\u00fchrung, drei Mitwirkende sind (fast) von Anfang an dabei. Film integriert mehrere Kunstformen: Film arbeitet nicht mit einer leeren Leinwand, einem unbehauenen Stein, einem unbeschriebenen Notenblatt oder einer starren B\u00fchne, sondern nutzt die lebendigen Bilder, T\u00f6ne und Ger\u00e4usche des realen Lebens f\u00fcr die Neuzusammensetzung unter einer k\u00fcnstlerischen Absicht. Seit den Anf\u00e4ngen ist es die Intention von Filmriss e.V., die Arbeit nicht auf die Pr\u00e4sentation von Filmen zu beschr\u00e4nken, sondern das Medium Film f\u00fcr die Reflexion gesellschaftlicher und kultureller Fragen zu nutzen. Daher werden thematisch ausgerichtete Filmreihen um Vortr\u00e4ge, Diskussionen, Ausstellungen, Theater oder Konzerte erweitert. Wenn m\u00f6glich begleiten G\u00e4ste die Vorf\u00fchrungen, die dem Publikum Inhalte und Hintergr\u00fcnde erl\u00e4utern. Bereits 1989 wurde beispielsweise eine Filmreihe in Kooperation mit dem in Oldenburg ans\u00e4ssigen Verein f\u00fcr Lesben und Schwule \u201eNa Und e.V.\u201c unter dem Titel \u201eEin Blick zum anderen Ufer&#8230;\u201c zusammengestellt. Eine \u00dcbersicht einiger Veranstaltungen und Veranstaltungsreihen l\u00e4sst sich im &#8222;Archiv&#8220; aufrufen.<\/h3>\n","protected":false},"excerpt":{"rendered":"Der Verein Filmriss e.V. hat seine Arbeit 1988 als Kinoinitiative begonnen und sich 2003 als eingetragener Verein konstituiert. Die Satzung formuliert folgendes Ziel: \u201eDer Verein hat die Aufgabe, den gesellschafts- und kulturpolitisch bedeutsamen Film zu f\u00f6rdern. Er veranstaltet zu diesem Zweck Vortr\u00e4ge, Ausstellungen, Diskussionen, Seminare und Filmvorf\u00fchrungen\u201c. Augenblicklich beteiligen sich sechs ehrenamtlich Aktive an der &hellip; <p class=\"link-more\"><a href=\"https:\/\/filmriss-oldenburg.de\/?page_id=24\" class=\"more-link\"><span class=\"screen-reader-text\">\u201eVerein\u201c<\/span> weiterlesen<\/a><\/p>","protected":false},"author":4,"featured_media":0,"parent":0,"menu_order":0,"comment_status":"closed","ping_status":"closed","template":"","meta":{"footnotes":""},"class_list":["post-24","page","type-page","status-publish","hentry"],"_links":{"self":[{"href":"https:\/\/filmriss-oldenburg.de\/index.php?rest_route=\/wp\/v2\/pages\/24","targetHints":{"allow":["GET"]}}],"collection":[{"href":"https:\/\/filmriss-oldenburg.de\/index.php?rest_route=\/wp\/v2\/pages"}],"about":[{"href":"https:\/\/filmriss-oldenburg.de\/index.php?rest_route=\/wp\/v2\/types\/page"}],"author":[{"embeddable":true,"href":"https:\/\/filmriss-oldenburg.de\/index.php?rest_route=\/wp\/v2\/users\/4"}],"replies":[{"embeddable":true,"href":"https:\/\/filmriss-oldenburg.de\/index.php?rest_route=%2Fwp%2Fv2%2Fcomments&post=24"}],"version-history":[{"count":6,"href":"https:\/\/filmriss-oldenburg.de\/index.php?rest_route=\/wp\/v2\/pages\/24\/revisions"}],"predecessor-version":[{"id":1391,"href":"https:\/\/filmriss-oldenburg.de\/index.php?rest_route=\/wp\/v2\/pages\/24\/revisions\/1391"}],"wp:attachment":[{"href":"https:\/\/filmriss-oldenburg.de\/index.php?rest_route=%2Fwp%2Fv2%2Fmedia&parent=24"}],"curies":[{"name":"wp","href":"https:\/\/api.w.org\/{rel}","templated":true}]}}