{"id":1397,"date":"2026-04-24T09:52:14","date_gmt":"2026-04-24T08:52:14","guid":{"rendered":"https:\/\/filmriss-oldenburg.de\/?post_type=fr_event&#038;p=1397"},"modified":"2026-04-24T10:11:34","modified_gmt":"2026-04-24T09:11:34","slug":"deserteure-gewissen-widerstand-und-flucht-teil-1","status":"publish","type":"fr_event","link":"https:\/\/filmriss-oldenburg.de\/?fr_event=deserteure-gewissen-widerstand-und-flucht-teil-1","title":{"rendered":"Deserteure &#8211; Gewissen, Widerstand, Flucht, Teil 1"},"excerpt":{"rendered":"Deserteure wollen nicht t\u00f6ten, sie wollen nicht sterben: Sie verweigern sich dem Krieg. Rolf Cantzen zeigt, wie der Wille zum \u00dcberleben und die Kraft des Gewissens zu extremen Entscheidungen f\u00fchren k\u00f6nnen und wie milit\u00e4rische Repressionsapparate das zu verhindern suchen. \r\nRolf Cantzen, geboren 1955 im Emsland, studierte in Hannover und Berlin Politikwissenschaft, Philosophie, Germanistik und Soziologie. Er hat mehrere Sachb\u00fccher, Romane und Erz\u00e4hlungen ver\u00f6\ufb00entlicht und zahlreiche Rundfunkfeatures geschrieben. 2024 bekam er den Alternativen Medienpreis in der Kategorie Geschichte f\u00fcr die \u201eLange Nacht der Deserteure\u201c.\r\nIn Kooperation mit der Rosa-Luxemburg-Stiftung Niedersachsen, der Kooperationsstelle C.v.O.-Universit\u00e4t-Gewerkschaften, mit Unterst\u00fctzung der Stiftung Bildung und Solidarit\u00e4t der GEW-Oldenburg.","protected":false},"featured_media":1395,"template":"","categories":[35],"class_list":["post-1397","fr_event","type-fr_event","status-publish","has-post-thumbnail","hentry","category-vortragsveranstaltung"],"_links":{"self":[{"href":"https:\/\/filmriss-oldenburg.de\/index.php?rest_route=\/wp\/v2\/fr_event\/1397","targetHints":{"allow":["GET"]}}],"collection":[{"href":"https:\/\/filmriss-oldenburg.de\/index.php?rest_route=\/wp\/v2\/fr_event"}],"about":[{"href":"https:\/\/filmriss-oldenburg.de\/index.php?rest_route=\/wp\/v2\/types\/fr_event"}],"wp:featuredmedia":[{"embeddable":true,"href":"https:\/\/filmriss-oldenburg.de\/index.php?rest_route=\/wp\/v2\/media\/1395"}],"wp:attachment":[{"href":"https:\/\/filmriss-oldenburg.de\/index.php?rest_route=%2Fwp%2Fv2%2Fmedia&parent=1397"}],"wp:term":[{"taxonomy":"category","embeddable":true,"href":"https:\/\/filmriss-oldenburg.de\/index.php?rest_route=%2Fwp%2Fv2%2Fcategories&post=1397"}],"curies":[{"name":"wp","href":"https:\/\/api.w.org\/{rel}","templated":true}]}}

Deserteure wollen nicht töten, sie wollen nicht sterben: Sie verweigern sich dem Krieg. Rolf Cantzen zeigt, wie der Wille zum Überleben und die Kraft des Gewissens zu extremen Entscheidungen führen können und wie militärische Repressionsapparate das zu verhindern suchen. 
Rolf Cantzen, geboren 1955 im Emsland, studierte in Hannover und Berlin Politikwissenschaft, Philosophie, Germanistik und Soziologie. Er hat mehrere Sachbücher, Romane und Erzählungen veröﬀentlicht und zahlreiche Rundfunkfeatures geschrieben. 2024 bekam er den Alternativen Medienpreis in der Kategorie Geschichte für die „Lange Nacht der Deserteure“.
In Kooperation mit der Rosa-Luxemburg-Stiftung Niedersachsen, der Kooperationsstelle C.v.O.-Universität-Gewerkschaften, mit Unterstützung der Stiftung Bildung und Solidarität der GEW-Oldenburg.
